296 - b. Let w = h + 290. Calculate the remainder when w is divided by 17.
16
Let d = -798 - -805. Let g(b) = b**2 - b. Let f be g(2). Suppose -2*a - 3*o + 17 = 0, 0 = -f*a - 2*a - o + 29. Calculate the remainder when a is divided by d.
0
Suppose -422*w + 1964 = -418*w. What is the remainder when w is divided by 61?
3
Suppose 6*w + 1221 = 1413. Suppose 0 = h - 5*l + 3*l - 12, 3*l + 17 = h. Calculate the remainder when w is divided by (h - (-16)/(-9)) + 427/63.
4
Let x be 3/2 - (3 + (-3720)/16). Suppose x = 5*h - h + p, 0 = -5*h - p + 290. Calculate the remainder when h is divided by 20.
19
What is the remainder when (-60)/(6*(-8)/24) is divided by 21?
9
Let o be -1*(10/(-4))/((-10)/(-20)). Suppose -o*x = 2*j - 3*x - 240, 0 = -2*x + 10. What is the remainder when j is divided by 40?
35
Let k(c) = 2*c - 98. Let o(f) = -2*f. Let t(h) = k(h) + 4*o(h). Calculate the remainder when 67 is divided by t(-21).
11
Let t(v) = -v**3 + 9*v + 2. Let s be t(-3). Suppose s*r - 13 = -7. Suppose 5*p + 13 = 2*n - 40, r*n = 3*p + 66. Calculate the remainder when n is divided by 5.
4
Let g be (-32)/(-40)*(59 - 14). Suppose -b + 148 = 5*x - 0*x, 0 = x + b - 32. Suppose -i = -g + x. What is the remainder when 13 is divided by i?
6
Let r be 24/(-204) + 478/17. Suppose -456 = -r*d + 24*d. Suppose 2*a + 0*a - d = 0. What is the remainder when a is divided by 15?
12
Suppose 0 = 4*p - 3*o + 687, -4*p - 5*o - 705 = -2*o. Let s = -8 - p. What is the remainder when s is divided by 8?
6
Let f = -1043 - -2198. Let z = 1198 - f. Let r = -9 - -20. What is the remainder when z is divided by r?
10
Let c(r) = -50*r**2 - 4*r + 8. Let z be c(-5). Calculate the remainder when z/(-9) + (-6)/(-27) is divided by (15/(-6))/((-1)/14).
31
What is the remainder when 100 is divided by 8 + 58 + -8 + -8 + 2?
48
Let o(g) = -98*g + 131. What is the remainder when 400 is divided by o(1)?
4
Suppose 0 = -161*g + 62*g + 118 + 575. Calculate the remainder when 1151 is divided by g.
3
Let f(t) = t**3 - 11*t**2 + 5*t + 8. Let i(y) = -2 + y**2 + 0*y**2 + 23*y**2 - 5*y + 6*y. What is the remainder when f(11) is divided by i(1)?
17
Suppose 20 = 3*s + 2*o, 3*o - 16 = s - 2*o. Suppose 3*k + 161 = s*v - 309, 474 = 4*v - k. Calculate the remainder when v is divided by 20.
19
Let d(o) = 2*o**2 - 5*o. What is the remainder when d(-5) is divided by 23 - (0 - 10) - 13*(1 + -2)?
29
Let y(q) = q**3 - 11*q**2 + 6*q - 17. Let a be y(11). Let i = -30 + a. What is the remainder when 54 is divided by i?
16
Let w be (-45)/(-6) - 2 - (-9)/(-18). Suppose -k = -2*x + 2 + w, -5*x = -k - 19. Calculate the remainder when 5 is divided by x.
1
Let i(f) = -70*f + 2248. Let a = 75 + -39. What is the remainder when a is divided by i(32)?
4
Let h = -2906 + 2928. Calculate the remainder when 16695 is divided by h.
19
Let i(r) = 2*r + 41. Let o be i(-7). Let q = o + 56. Calculate the remainder when q is divided by 22.
17
Suppose -186*k = -174*k - 1248. Calculate the remainder when 2284 is divided by k.
100
Suppose 11873*u - 11886*u = -273. Calculate the remainder when 1320 is divided by u.
18
Suppose 711*p - 288 = 693*p. Let m = 6 - 4. Suppose 90 = m*b + b. What is the remainder when b is divided by p?
14
Suppose -3*f + 5*r = -861, 5*f - 5*r + 7*r = 1404. What is the remainder when (-7 + 8)*(-2 - f/(-1)) is divided by 47?
45
Calculate the remainder when 2201 is divided by (-12)/(-28)*(6 - -1) - (-146)/2.
73
Let k be 0/(2 + (3 - 4)). Suppose q - 7*q + 174 = k. What is the remainder when 110*8/(-24)*(-6)/4 is divided by q?
26
What is the remainder when 180 is divided by (-163)/(-2) + ((-332)/664)/(0 + -1)?
16
Let w(q) = 2*q**2 - 5*q - 6. Let c be 1/((-114)/24 + 5). Calculate the remainder when w(6) is divided by c/(-10) + ((-128)/(-20) - -5).
3
Suppose -5 = 251*y - 246*y, -4*z = 3*y - 225. What is the remainder when 682 is divided by z?
55
Let y = 14384 - 14153. What is the remainder when y is divided by 60?
51
Let d = 123 - 127. Calculate the remainder when 165 is divided by 42*d/(-20)*(4 - -1).
39
Suppose 5*p + 3*x - 66611 - 52637 = 0, -x + 71548 = 3*p. Calculate the remainder when p is divided by 134.
131
Let r(u) = u**3 + 62*u**2 - 194*u + 207. Calculate the remainder when 2248 is divided by r(-65).
118
Calculate the remainder when (-61)/(-3)*((-12 - -22) + 2 + 96) is divided by 49.
40
Let g = -11 - -13. Suppose -98 = -5*i + g. Calculate the remainder when i is divided by ((-24)/5)/((-48)/120).
8
Let s(x) = 11*x**2 + 103*x - 192. What is the remainder when s(10) is divided by 949?
40
Let y(q) = -2*q**3 + 33*q**2 - 30*q - 16. What is the remainder when y(15) is divided by 102?
5
What is the remainder when (-7)/((-84)/(-352))*1344/(-7) is divided by 131?
130
Let p(q) = q**2 + 3*q - 5. Let u = -89 + 81. Let v be (108/(-10))/(-2) + u/20. Calculate the remainder when p(v) is divided by 20.
15
Calculate the remainder when 228 is divided by 5/(-1)*((-2)/(-14) + (-11392)/4480).
0
Calculate the remainder when 1/(-10) - (22 + 195012/(-120)) is divided by 15.
13
Let m(g) = -g + 30. Let h be m(-15). What is the remainder when 90 is divided by h - (4 + -6 - (-2 + 1))?
44
Suppose -81*s - 17*s = -588. Calculate the remainder when (6 + 0)*(-9)/(-2) is divided by s.
3
Suppose -113*y = 52*y - 5*y - 41280. Calculate the remainder when 1045 is divided by y.
13
Let i = -27051 - -27142. What is the remainder when i is divided by 31?
29
Let p(d) = -d**2 - 32*d + 108. Let z be p(-35). Calculate the remainder when z + 7 + -1 + 38 is divided by 33.
14
Let r be -552 + (6 - 5) - (-10 + 4). Let o = r - -1010. What is the remainder when o is divided by 26?
23
Let l = -32 + 36. Suppose l*k = -k. Suppose -4*z + k*g = g - 395, -5*z = 3*g - 499. Calculate the remainder when z is divided by 25.
23
Let o = -371 + 581. Suppose 80*f - o = 75*f. Calculate the remainder when f is divided by 12.
6
Suppose 5*u + 3*o - 20619 = 0, -228*u - 4*o = -231*u + 12412. What is the remainder when u is divided by 118?
116
Let q(m) = 5*m**2 + 11*m - 53. Calculate the remainder when q(-12) is divided by 51.
25
Let t(l) = 8*l + 105. Let p be t(16). Suppose -22*d + 1179 - p = 0. Calculate the remainder when 78 is divided by d.
35
What is the remainder when 1036 is divided by 726/(-88)*468/(-27)?
35
Let y = 626 + -634. What is the remainder when 2/y - (-7719)/124 is divided by 44?
18
What is the remainder when 2885 is divided by (-138 + 96)*((-741)/21 + 1)?
5
Suppose 0 = -6*l + 33*l - 938 - 574. Calculate the remainder when l is divided by 32.
24
Suppose -3*w - 3*j + 138 + 18 = 0, -2*w + 86 = -4*j. Suppose -3*c - 16 = -w. Calculate the remainder when 23 is divided by c.
1
Suppose 2*z + 21*i = 78, 477*z - 474*z - 58 = -2*i. Suppose p = -31 + 100. Calculate the remainder when p is divided by z.
15
Let u = 4178 - 4175. Suppose 56*o - 51*o = 930. Calculate the remainder when o is divided by u.
0
Suppose -3*a - 30 = -4*p - 133, -2*a + 62 = 4*p. Let h = -132 + 784. Suppose 988*l - h = 984*l. Calculate the remainder when l is divided by a.
31
Let h be (8 - 8) + (-2 - -1). Let n = -1052 - -1056. Calculate the remainder when 1 + -2 + 44 + h is divided by n.
2
Let g(i) = -5*i**3 + 3*i**2 - 4*i + 1104. What is the remainder when g(0) is divided by 41?
38
Let m(j) = j**2 - 113*j - 755. What is the remainder when 984 is divided by m(-9)?
298
Let c = 62 - 67. Let v(a) = a**2 + 2*a - 7. What is the remainder when 15/(((-4)/6)/(-2)) is divided by v(c)?
5
Suppose 19*x - 18*x - 45 = -4*f, -99 = -5*x + f. Calculate the remainder when 128 is divided by x.
2
Let n = 28980 + -28887. What is the remainder when 1210 is divided by n?
1
Let g(l) = 67*l - 36*l + 120 - 47*l. Calculate the remainder when 77 is divided by g(5).
37
Suppose r = 5*m - 11, 0*r + 4*m - 43 = -3*r. Let c = r + -7. Suppose -7*d = -c*d - 45. Calculate the remainder when d is divided by 6.
3
Calculate the remainder when 181 is divided by (-14)/(-8) + -2 - (-34251)/588.
7
Let z = -19419 - -27777. Calculate the remainder when z is divided by 20.
18
Suppose -6*k + 2*k + 192 = 0. Let d be ((-18)/21)/(13/91) - -9. Suppose 0 = -5*i + f - 25 + 733, -426 = -d*i + f. What is the remainder when i is divided by k?
45
Suppose -152 = -7*a - 31*a. Calculate the remainder when 10/(-8) + 1 - (-445)/a is divided by 38.
35
Let o = -800 + 804. Suppose 5*x - 4*n